{"id":2617,"date":"2017-06-28T18:02:02","date_gmt":"2017-06-28T16:02:02","guid":{"rendered":"http:\/\/valdesina.it\/?page_id=2617"},"modified":"2019-02-01T16:54:08","modified_gmt":"2019-02-01T15:54:08","slug":"bibliography","status":"publish","type":"page","link":"https:\/\/valdesina.it\/en\/bibliography\/","title":{"rendered":"Bibliography"},"content":{"rendered":"<p>AA. VV., <em>Civilt\u00e0 alpina e presenza protestante nelle Valli del Pinerolese<\/em>, Priuli&amp;Verlucca, Ivrea 1991.<\/p>\n<p>AA. VV., <em>Ror\u00e0 e la sua popolazione<\/em>, Tipografia Grillo, Luserna San Giovanni (To) 1993.<\/p>\n<p>AA. VV., <em>Vademecum della guida (quasi) perfetta<\/em>, Fondazione Centro culturale valdese 2002.<\/p>\n<p>AA. VV., <em>La Val d\u2019Angrogna<\/em>, Vivalda Editori Saluzzo (Cn) 2010.<\/p>\n<p>Arghittu A., <em>Quattro passi a Luserna San Giovanni<\/em>, Claudiana, Torino 2001.<\/p>\n<p>Avondo G.V., Priolo D., <em>Leggende e tradizioni del Pinerolese<\/em>, Centro documentazione alpina, Torino 1998<\/p>\n<p>Barale P., <em>Il cielo del popolo del faggio: sole luna e stelle dei Ligures Bagienni<\/em>, Associazione turistica pro loco \u201cLa Torre\u201d, Pollenzo (Cn), 2003.<\/p>\n<p>Bert O., Genre A., <em>Leggende e tradizioni popolari delle Valli Valdesi<\/em>, Claudiana, Torino 1977.<\/p>\n<p>Bonnet M., <em>Tradizioni orali delle Valli Valdesi del Piemonte<\/em>, Claudiana, Torino 1994.<\/p>\n<p>Bounous R., Lecchi M., <em>I templi delle valli valdesi<\/em>, Claudiana, Torino 1988.<\/p>\n<p>Buffa E., <em>L\u2019alta Val d\u2019Angrogna<\/em>, in Quaderni del Centro di documentazione, n. 11, Angrogna 1991.<\/p>\n<p>Centini M., <em>Creature fantastiche. Fate, folletti, mostri e diavoli. Viaggio nella mitologia popolare in Piemonte Liguria Valle d\u2019Aosta<\/em>, Priuli&amp;Verlucca, Ivrea 2012.<\/p>\n<p>CeSMAP, <em>La Pietra Verde del Monviso<\/em>, CeSMAP, Pinerolo (To) 2013.<\/p>\n<p>Di Francesco E., Di Francesco Jaier P., <em>Pubbliche fontane, fontanelle, \u201cbacias\u201d e lavatoi della Val Pellice<\/em>, Chiaramonte, Collegno (To) 1999.<\/p>\n<p>Dosio P. R., <em>Incisioni Rupestri in Valle Angrogna<\/em>, in Quaderni del Centro di documentazione, n. 29, Angrogna 2009.<\/p>\n<p>Eynard W., Pizzardi G., <em>La cucina valdese<\/em>, Claudiana, Torino, 2006.<\/p>\n<p>Fabietti U., <em>Elementi di antropologia culturale<\/em>, Mondadori, Milano 2004.7<\/p>\n<p>Filoramo G., Massenzio M., Raveri M., Scarpi P., <em>Manuale di storia delle religioni<\/em>, Laterza, Roma-Bari 2005.<\/p>\n<p>Filoramo G., <em>Storia del cristianesimo<\/em>, Laterza, Roma-Bari 2000.<\/p>\n<p>Jall\u00e0 J., <em>L\u00e9gendes des vall\u00e9es vaudoises<\/em>, Bottega della carta, Torre Pellice (To) 1926.<\/p>\n<p>Jalla D., <em>Heritage(s)<\/em>, Claudiana, Torino 2009.<\/p>\n<p>Landi L., <em>Insegnare la storia ai bambini<\/em>, Carocci, Roma 2006.<\/p>\n<p>Lomagno P., <em>Il regno dei Cozii: una dinastia alpina di 2000 anni fa<\/em>, Priuli&amp;Verlucca, Ivrea 1991.<\/p>\n<p>Martina C., Cerrato E., <em>Luserna San Giovanni attraverso i tempi<\/em>, Alzani Editore, Pinerolo (To) 1978.<\/p>\n<p>Peyrot B. <em>Giosu\u00e8 Gianavello<\/em>, Claudiana, Torino 2001.<\/p>\n<p>Pons T.G., <em>Vicende del forte di Mirabouc<\/em>, Fondazione valdese, Torre Pellice (To) 1966.<\/p>\n<p>Pons T.G., <em>Vita montanara e folklore nelle Valli Valdesi<\/em>, Claudiana, Torino 1978.<\/p>\n<p>Priolo D., <em>Come leggende e tradizioni delle valli pinerolesi hanno tramandato la figura del predatore nel mondo animale, in Percorsi scientifici: tra geografia, ambiente e cultura nella montagna dell\u2019Italia settentrionale<\/em>, Brigati, Genova 2006.<\/p>\n<p>Priolo D., <em>Laghi lac lau<\/em>, Alzani Editore, Pinerolo (To) 2010.<\/p>\n<p>Propp V.J., <em>Le radici storiche dei racconti di fate<\/em>, Boringhieri, Torino 1985.<\/p>\n<p>Santagostino P., <em>Come raccontare una fiaba<\/em>, Red Edizioni, Como 1997.<\/p>\n<p>Sapp\u00e8 F., <em>Angrogna, di qua del V\u00ebng\u00ece<\/em>, in Quaderni del Centro di documentazione, n. 7, Angrogna 1987.<\/p>\n<p>Sapp\u00e9 J.L., <em>La gerla del diavolo e altri racconti<\/em>, in Quaderni del Centro di documentazione, n. 12, Angrogna 1992.<\/p>\n<p>Sapp\u00e9 J.L., <em>A l\u2019intr\u00e0 d\u00eb la noech<\/em>, in Quaderni del Centro di documentazione, n. 1, Angrogna 1993.<\/p>\n<p>Sapp\u00e9 J.L., <em>La m\u2019n\u00e9sta \u2018d p\u00e8ira e altri racconti<\/em>, in Quaderni del Centro di documentazione, n. 26, Angrogna 2006.<\/p>\n<p>Savi-Lopez M., <em>Leggende delle Alpi<\/em>, Loescher, Torino 1993.<\/p>\n<p>Tozzi A., <em>Brunilde e Rosaspina: mito e fiaba dagli Indoeuropei ai fratelli Grimm<\/em>, Il Cerchio, Citt\u00e0 di San Marino 2012.<\/p>\n<p>Tourn G., Zanella D., Ror\u00e0. <em>Il paese dei brusapere<\/em>, Claudiana, Torino 2003.<\/p>\n<p>Tourn G.,<em> I Valdesi. La singolare vicenda di un popolo-chiesa<\/em>, Claudiana, Torino 2008.<\/p>\n<p>Van Gennep A., <em>Le origini delle leggende<\/em>, Xenia, Milano 1991.<\/p>\n<p>Villar F., <em>Gli indoeuropei e le origini dell\u2019Europa: lingua e storia<\/em>, Il Mulino, Bologna 1997.<\/p>\n","protected":false},"excerpt":{"rendered":"<p>AA. VV., Civilt\u00e0 alpina e presenza protestante nelle Valli del Pinerolese, Priuli&amp;Verlucca, Ivrea 1991. AA. VV., Ror\u00e0 e la sua popolazione, Tipografia Grillo, Luserna San Giovanni (To) 1993. AA. VV., Vademecum della guida (quasi) perfetta, Fondazione Centro culturale valdese 2002. AA. VV., La Val d\u2019Angrogna, Vivalda Editori Saluzzo (Cn) 2010. Arghittu A., Quattro passi a [&hellip;]<\/p>\n","protected":false},"author":1,"featured_media":0,"parent":0,"menu_order":0,"comment_status":"closed","ping_status":"closed","template":"","meta":{"footnotes":""},"class_list":["post-2617","page","type-page","status-publish","hentry"],"acf":[],"jetpack_sharing_enabled":true,"_links":{"self":[{"href":"https:\/\/valdesina.it\/en\/wp-json\/wp\/v2\/pages\/2617","targetHints":{"allow":["GET"]}}],"collection":[{"href":"https:\/\/valdesina.it\/en\/wp-json\/wp\/v2\/pages"}],"about":[{"href":"https:\/\/valdesina.it\/en\/wp-json\/wp\/v2\/types\/page"}],"author":[{"embeddable":true,"href":"https:\/\/valdesina.it\/en\/wp-json\/wp\/v2\/users\/1"}],"replies":[{"embeddable":true,"href":"https:\/\/valdesina.it\/en\/wp-json\/wp\/v2\/comments?post=2617"}],"version-history":[{"count":4,"href":"https:\/\/valdesina.it\/en\/wp-json\/wp\/v2\/pages\/2617\/revisions"}],"predecessor-version":[{"id":3345,"href":"https:\/\/valdesina.it\/en\/wp-json\/wp\/v2\/pages\/2617\/revisions\/3345"}],"wp:attachment":[{"href":"https:\/\/valdesina.it\/en\/wp-json\/wp\/v2\/media?parent=2617"}],"curies":[{"name":"wp","href":"https:\/\/api.w.org\/{rel}","templated":true}]}}

<p>AA. VV., <em>Civiltà alpina e presenza protestante nelle Valli del Pinerolese</em>, Priuli&amp;Verlucca, Ivrea 1991.</p>
<p>AA. VV., <em>Rorà e la sua popolazione</em>, Tipografia Grillo, Luserna San Giovanni (To) 1993.</p>
<p>AA. VV., <em>Vademecum della guida (quasi) perfetta</em>, Fondazione Centro culturale valdese 2002.</p>
<p>AA. VV., <em>La Val d’Angrogna</em>, Vivalda Editori Saluzzo (Cn) 2010.</p>
<p>Arghittu A., <em>Quattro passi a Luserna San Giovanni</em>, Claudiana, Torino 2001.</p>
<p>Avondo G.V., Priolo D., <em>Leggende e tradizioni del Pinerolese</em>, Centro documentazione alpina, Torino 1998</p>
<p>Barale P., <em>Il cielo del popolo del faggio: sole luna e stelle dei Ligures Bagienni</em>, Associazione turistica pro loco “La Torre”, Pollenzo (Cn), 2003.</p>
<p>Bert O., Genre A., <em>Leggende e tradizioni popolari delle Valli Valdesi</em>, Claudiana, Torino 1977.</p>
<p>Bonnet M., <em>Tradizioni orali delle Valli Valdesi del Piemonte</em>, Claudiana, Torino 1994.</p>
<p>Bounous R., Lecchi M., <em>I templi delle valli valdesi</em>, Claudiana, Torino 1988.</p>
<p>Buffa E., <em>L’alta Val d’Angrogna</em>, in Quaderni del Centro di documentazione, n. 11, Angrogna 1991.</p>
<p>Centini M., <em>Creature fantastiche. Fate, folletti, mostri e diavoli. Viaggio nella mitologia popolare in Piemonte Liguria Valle d’Aosta</em>, Priuli&amp;Verlucca, Ivrea 2012.</p>
<p>CeSMAP, <em>La Pietra Verde del Monviso</em>, CeSMAP, Pinerolo (To) 2013.</p>
<p>Di Francesco E., Di Francesco Jaier P., <em>Pubbliche fontane, fontanelle, “bacias” e lavatoi della Val Pellice</em>, Chiaramonte, Collegno (To) 1999.</p>
<p>Dosio P. R., <em>Incisioni Rupestri in Valle Angrogna</em>, in Quaderni del Centro di documentazione, n. 29, Angrogna 2009.</p>
<p>Eynard W., Pizzardi G., <em>La cucina valdese</em>, Claudiana, Torino, 2006.</p>
<p>Fabietti U., <em>Elementi di antropologia culturale</em>, Mondadori, Milano 2004.7</p>
<p>Filoramo G., Massenzio M., Raveri M., Scarpi P., <em>Manuale di storia delle religioni</em>, Laterza, Roma-Bari 2005.</p>
<p>Filoramo G., <em>Storia del cristianesimo</em>, Laterza, Roma-Bari 2000.</p>
<p>Jallà J., <em>Légendes des vallées vaudoises</em>, Bottega della carta, Torre Pellice (To) 1926.</p>
<p>Jalla D., <em>Heritage(s)</em>, Claudiana, Torino 2009.</p>
<p>Landi L., <em>Insegnare la storia ai bambini</em>, Carocci, Roma 2006.</p>
<p>Lomagno P., <em>Il regno dei Cozii: una dinastia alpina di 2000 anni fa</em>, Priuli&amp;Verlucca, Ivrea 1991.</p>
<p>Martina C., Cerrato E., <em>Luserna San Giovanni attraverso i tempi</em>, Alzani Editore, Pinerolo (To) 1978.</p>
<p>Peyrot B. <em>Giosuè Gianavello</em>, Claudiana, Torino 2001.</p>
<p>Pons T.G., <em>Vicende del forte di Mirabouc</em>, Fondazione valdese, Torre Pellice (To) 1966.</p>
<p>Pons T.G., <em>Vita montanara e folklore nelle Valli Valdesi</em>, Claudiana, Torino 1978.</p>
<p>Priolo D., <em>Come leggende e tradizioni delle valli pinerolesi hanno tramandato la figura del predatore nel mondo animale, in Percorsi scientifici: tra geografia, ambiente e cultura nella montagna dell’Italia settentrionale</em>, Brigati, Genova 2006.</p>
<p>Priolo D., <em>Laghi lac lau</em>, Alzani Editore, Pinerolo (To) 2010.</p>
<p>Propp V.J., <em>Le radici storiche dei racconti di fate</em>, Boringhieri, Torino 1985.</p>
<p>Santagostino P., <em>Come raccontare una fiaba</em>, Red Edizioni, Como 1997.</p>
<p>Sappè F., <em>Angrogna, di qua del Vëngìe</em>, in Quaderni del Centro di documentazione, n. 7, Angrogna 1987.</p>
<p>Sappé J.L., <em>La gerla del diavolo e altri racconti</em>, in Quaderni del Centro di documentazione, n. 12, Angrogna 1992.</p>
<p>Sappé J.L., <em>A l’intrà dë la noech</em>, in Quaderni del Centro di documentazione, n. 1, Angrogna 1993.</p>
<p>Sappé J.L., <em>La m’nésta ‘d pèira e altri racconti</em>, in Quaderni del Centro di documentazione, n. 26, Angrogna 2006.</p>
<p>Savi-Lopez M., <em>Leggende delle Alpi</em>, Loescher, Torino 1993.</p>
<p>Tozzi A., <em>Brunilde e Rosaspina: mito e fiaba dagli Indoeuropei ai fratelli Grimm</em>, Il Cerchio, Città di San Marino 2012.</p>
<p>Tourn G., Zanella D., Rorà. <em>Il paese dei brusapere</em>, Claudiana, Torino 2003.</p>
<p>Tourn G.,<em> I Valdesi. La singolare vicenda di un popolo-chiesa</em>, Claudiana, Torino 2008.</p>
<p>Van Gennep A., <em>Le origini delle leggende</em>, Xenia, Milano 1991.</p>
<p>Villar F., <em>Gli indoeuropei e le origini dell’Europa: lingua e storia</em>, Il Mulino, Bologna 1997.</p>

<p>AA. VV., Civiltà alpina e presenza protestante nelle Valli del Pinerolese, Priuli&amp;Verlucca, Ivrea 1991. AA. VV., Rorà e la sua popolazione, Tipografia Grillo, Luserna San Giovanni (To) 1993. AA. VV., Vademecum della guida (quasi) perfetta, Fondazione Centro culturale valdese 2002. AA. VV., La Val d’Angrogna, Vivalda Editori Saluzzo (Cn) 2010. Arghittu A., Quattro passi a [&hellip;]</p>
